{"id":75,"date":"2019-11-15T16:23:44","date_gmt":"2019-11-15T15:23:44","guid":{"rendered":"http:\/\/horizonsportnature.com\/?page_id=75"},"modified":"2019-12-06T23:15:49","modified_gmt":"2019-12-06T22:15:49","slug":"vente-materiels","status":"publish","type":"page","link":"https:\/\/horizonsportnature.com\/index.php\/vente-materiels\/","title":{"rendered":"Vente de mat\u00e9riels"},"content":{"rendered":"<p>[et_pb_section fb_built=\u00a0\u00bb1&Prime; _builder_version=\u00a0\u00bb4.0.7&Prime;][et_pb_row _builder_version=\u00a0\u00bb4.0.7&Prime;][et_pb_column type=\u00a0\u00bb4_4&Prime; _builder_version=\u00a0\u00bb4.0.7&Prime;][et_pb_text _builder_version=\u00a0\u00bb4.0.7&Prime; border_width_bottom=\u00a0\u00bb1px\u00a0\u00bb]<\/p>\n<h1>VENTE DE MATERIELS<\/h1>\n<p>[\/et_pb_text][\/et_pb_column][\/et_pb_row][et_pb_row column_structure=\u00a0\u00bb1_2,1_2&Prime; _builder_version=\u00a0\u00bb4.0.7&Prime;][et_pb_column type=\u00a0\u00bb1_2&Prime; _builder_version=\u00a0\u00bb4.0.7&Prime;][et_pb_text _builder_version=\u00a0\u00bb4.0.7&Prime; text_font_size=\u00a0\u00bb16px\u00a0\u00bb]<\/p>\n<p><strong>HORIZON SPORT NATURE<\/strong> commercialise les plus grandes marques de mat\u00e9riels d&rsquo;escalade.<\/p>\n<p>&nbsp;<\/p>\n<p><strong>Des conseils d&rsquo;experts<\/strong> :\u00a0 pour vous proposer des mat\u00e9riels r\u00e9pondant au mieux \u00e0 vos attentes.<\/p>\n<p><strong>La rapidit\u00e9 du service<\/strong> : pour recevoir devis et mat\u00e9riel dans les meilleurs d\u00e9lais.<\/p>\n<p><strong>Un service formation<\/strong> : pour assurer si n\u00e9cessaire la formation technique \u00e0 l&rsquo;utilisation et au suivi des mat\u00e9riels.<\/p>\n<p>&nbsp;<\/p>\n<p style=\"text-align: center;\"><strong>Pour toute demande de devis ou de renseignements :<\/strong><\/p>\n<p>&nbsp;<\/p>\n<p>&nbsp;<\/p>\n<p>[\/et_pb_text][et_pb_button button_text=\u00a0\u00bbContactez-nous\u00a0\u00bb button_alignment=\u00a0\u00bbcenter\u00a0\u00bb _builder_version=\u00a0\u00bb4.0.7&Prime; custom_button=\u00a0\u00bbon\u00a0\u00bb button_text_color=\u00a0\u00bb#ffffff\u00a0\u00bb button_bg_color=\u00a0\u00bb#e09900&Prime; button_border_radius=\u00a0\u00bb10px\u00a0\u00bb custom_margin=\u00a0\u00bb-80px||||false|false\u00a0\u00bb custom_padding_tablet=\u00a0\u00bb\u00a0\u00bb custom_padding_phone=\u00a0\u00bb\u00a0\u00bb custom_padding_last_edited=\u00a0\u00bbon|desktop\u00a0\u00bb][\/et_pb_button][\/et_pb_column][et_pb_column type=\u00a0\u00bb1_2&Prime; _builder_version=\u00a0\u00bb4.0.7&Prime;][et_pb_slider arrows_custom_color=\u00a0\u00bbrgba(0,0,0,0)\u00a0\u00bb dot_nav_custom_color=\u00a0\u00bbrgba(0,0,0,0)\u00a0\u00bb _builder_version=\u00a0\u00bb4.0.7&Prime; background_color=\u00a0\u00bbrgba(0,0,0,0)\u00a0\u00bb custom_margin=\u00a0\u00bb-40px||||false|false\u00a0\u00bb animation_style=\u00a0\u00bbfade\u00a0\u00bb auto=\u00a0\u00bbon\u00a0\u00bb auto_speed=\u00a0\u00bb4000&Prime; hover_enabled=\u00a0\u00bb0&Prime; background_last_edited=\u00a0\u00bbon|desktop\u00a0\u00bb border_radii=\u00a0\u00bbon|6px|6px|6px|6px\u00a0\u00bb][et_pb_slide _builder_version=\u00a0\u00bb4.0.7&Prime; hover_enabled=\u00a0\u00bb0&Prime; border_radii_image=\u00a0\u00bbon|6px|6px|6px|6px\u00a0\u00bb image=\u00a0\u00bbhttps:\/\/horizonsportnature.com\/wp-content\/uploads\/2019\/11\/climbing-helmet-60081_1920.png\u00a0\u00bb][\/et_pb_slide][et_pb_slide image=\u00a0\u00bbhttps:\/\/horizonsportnature.com\/wp-content\/uploads\/2019\/12\/degaine-baudrier.png\u00a0\u00bb _builder_version=\u00a0\u00bb4.0.7&Prime; hover_enabled=\u00a0\u00bb0&Prime; border_radii_image=\u00a0\u00bbon|6px|6px|6px|6px\u00a0\u00bb][\/et_pb_slide][et_pb_slide image=\u00a0\u00bbhttps:\/\/horizonsportnature.com\/wp-content\/uploads\/2019\/12\/colissimo.png\u00a0\u00bb _builder_version=\u00a0\u00bb4.0.7&Prime; hover_enabled=\u00a0\u00bb0&Prime; border_radii_image=\u00a0\u00bbon|6px|6px|6px|6px\u00a0\u00bb][\/et_pb_slide][\/et_pb_slider][\/et_pb_column][\/et_pb_row][\/et_pb_section]<\/p>\n","protected":false},"excerpt":{"rendered":"<p>VENTE DE MATERIELSHORIZON SPORT NATURE commercialise les plus grandes marques de mat\u00e9riels d&rsquo;escalade. &nbsp; Des conseils d&rsquo;experts :\u00a0 pour vous proposer des mat\u00e9riels r\u00e9pondant au mieux \u00e0 vos attentes. La rapidit\u00e9 du service : pour recevoir devis et mat\u00e9riel dans les meilleurs d\u00e9lais. Un service formation : pour assurer si n\u00e9cessaire la formation technique \u00e0 [&hellip;]<\/p>\n","protected":false},"author":1,"featured_media":0,"parent":0,"menu_order":0,"comment_status":"closed","ping_status":"closed","template":"","meta":{"_et_pb_use_builder":"on","_et_pb_old_content":"","_et_gb_content_width":"","footnotes":""},"class_list":["post-75","page","type-page","status-publish","hentry"],"yoast_head":"<!-- This site is optimized with the Yoast SEO plugin v17.2 - https:\/\/yoast.com\/wordpress\/plugins\/seo\/ -->\n<title>Vente de mat\u00e9riels ESCALADE - HORIZON SPORT NATURE<\/title>\n<meta name=\"description\" content=\"Vente de mat\u00e9riel d&#039;escalade - Contr\u00f4le et maintenance des structures artificielles d&#039;escalade SAE - Contr\u00f4le des EPI - Formation.\" \/>\n<meta name=\"robots\" content=\"index, follow, max-snippet:-1, max-image-preview:large, max-video-preview:-1\" \/>\n<link rel=\"canonical\" href=\"https:\/\/horizonsportnature.com\/index.php\/vente-materiels\/\" \/>\n<meta property=\"og:locale\" content=\"fr_FR\" \/>\n<meta property=\"og:type\" content=\"article\" \/>\n<meta property=\"og:title\" content=\"Vente de mat\u00e9riels ESCALADE - HORIZON SPORT NATURE\" \/>\n<meta property=\"og:description\" content=\"Vente de mat\u00e9riel d&#039;escalade - Contr\u00f4le et maintenance des structures artificielles d&#039;escalade SAE - Contr\u00f4le des EPI - Formation.\" \/>\n<meta property=\"og:url\" content=\"https:\/\/horizonsportnature.com\/index.php\/vente-materiels\/\" \/>\n<meta property=\"og:site_name\" content=\"HORIZON SPORT NATURE\" \/>\n<meta property=\"article:modified_time\" content=\"2019-12-06T22:15:49+00:00\" \/>\n<meta name=\"twitter:card\" content=\"summary_large_image\" \/>\n<meta name=\"twitter:label1\" content=\"Dur\u00e9e de lecture est.\" \/>\n\t<meta name=\"twitter:data1\" content=\"2 minutes\" \/>\n<script type=\"application\/ld+json\" class=\"yoast-schema-graph\">{\"@context\":\"https:\/\/schema.org\",\"@graph\":[{\"@type\":\"WebSite\",\"@id\":\"https:\/\/horizonsportnature.com\/#website\",\"url\":\"https:\/\/horizonsportnature.com\/\",\"name\":\"HORIZON SPORT NATURE\",\"description\":\"\",\"potentialAction\":[{\"@type\":\"SearchAction\",\"target\":{\"@type\":\"EntryPoint\",\"urlTemplate\":\"https:\/\/horizonsportnature.com\/?s={search_term_string}\"},\"query-input\":\"required name=search_term_string\"}],\"inLanguage\":\"fr-FR\"},{\"@type\":\"WebPage\",\"@id\":\"https:\/\/horizonsportnature.com\/index.php\/vente-materiels\/#webpage\",\"url\":\"https:\/\/horizonsportnature.com\/index.php\/vente-materiels\/\",\"name\":\"Vente de mat\\u00e9riels ESCALADE - HORIZON SPORT NATURE\",\"isPartOf\":{\"@id\":\"https:\/\/horizonsportnature.com\/#website\"},\"datePublished\":\"2019-11-15T15:23:44+00:00\",\"dateModified\":\"2019-12-06T22:15:49+00:00\",\"description\":\"Vente de mat\\u00e9riel d'escalade - Contr\\u00f4le et maintenance des structures artificielles d'escalade SAE - Contr\\u00f4le des EPI - Formation.\",\"breadcrumb\":{\"@id\":\"https:\/\/horizonsportnature.com\/index.php\/vente-materiels\/#breadcrumb\"},\"inLanguage\":\"fr-FR\",\"potentialAction\":[{\"@type\":\"ReadAction\",\"target\":[\"https:\/\/horizonsportnature.com\/index.php\/vente-materiels\/\"]}]},{\"@type\":\"BreadcrumbList\",\"@id\":\"https:\/\/horizonsportnature.com\/index.php\/vente-materiels\/#breadcrumb\",\"itemListElement\":[{\"@type\":\"ListItem\",\"position\":1,\"name\":\"Accueil\",\"item\":\"https:\/\/horizonsportnature.com\/\"},{\"@type\":\"ListItem\",\"position\":2,\"name\":\"Vente de mat\\u00e9riels\"}]}]}<\/script>\n<!-- \/ Yoast SEO plugin. -->","yoast_head_json":{"title":"Vente de mat\u00e9riels ESCALADE - HORIZON SPORT NATURE","description":"Vente de mat\u00e9riel d'escalade - Contr\u00f4le et maintenance des structures artificielles d'escalade SAE - Contr\u00f4le des EPI - Formation.","robots":{"index":"index","follow":"follow","max-snippet":"max-snippet:-1","max-image-preview":"max-image-preview:large","max-video-preview":"max-video-preview:-1"},"canonical":"https:\/\/horizonsportnature.com\/index.php\/vente-materiels\/","og_locale":"fr_FR","og_type":"article","og_title":"Vente de mat\u00e9riels ESCALADE - HORIZON SPORT NATURE","og_description":"Vente de mat\u00e9riel d'escalade - Contr\u00f4le et maintenance des structures artificielles d'escalade SAE - Contr\u00f4le des EPI - Formation.","og_url":"https:\/\/horizonsportnature.com\/index.php\/vente-materiels\/","og_site_name":"HORIZON SPORT NATURE","article_modified_time":"2019-12-06T22:15:49+00:00","twitter_card":"summary_large_image","twitter_misc":{"Dur\u00e9e de lecture est.":"2 minutes"},"schema":{"@context":"https:\/\/schema.org","@graph":[{"@type":"WebSite","@id":"https:\/\/horizonsportnature.com\/#website","url":"https:\/\/horizonsportnature.com\/","name":"HORIZON SPORT NATURE","description":"","potentialAction":[{"@type":"SearchAction","target":{"@type":"EntryPoint","urlTemplate":"https:\/\/horizonsportnature.com\/?s={search_term_string}"},"query-input":"required name=search_term_string"}],"inLanguage":"fr-FR"},{"@type":"WebPage","@id":"https:\/\/horizonsportnature.com\/index.php\/vente-materiels\/#webpage","url":"https:\/\/horizonsportnature.com\/index.php\/vente-materiels\/","name":"Vente de mat\u00e9riels ESCALADE - HORIZON SPORT NATURE","isPartOf":{"@id":"https:\/\/horizonsportnature.com\/#website"},"datePublished":"2019-11-15T15:23:44+00:00","dateModified":"2019-12-06T22:15:49+00:00","description":"Vente de mat\u00e9riel d'escalade - Contr\u00f4le et maintenance des structures artificielles d'escalade SAE - Contr\u00f4le des EPI - Formation.","breadcrumb":{"@id":"https:\/\/horizonsportnature.com\/index.php\/vente-materiels\/#breadcrumb"},"inLanguage":"fr-FR","potentialAction":[{"@type":"ReadAction","target":["https:\/\/horizonsportnature.com\/index.php\/vente-materiels\/"]}]},{"@type":"BreadcrumbList","@id":"https:\/\/horizonsportnature.com\/index.php\/vente-materiels\/#breadcrumb","itemListElement":[{"@type":"ListItem","position":1,"name":"Accueil","item":"https:\/\/horizonsportnature.com\/"},{"@type":"ListItem","position":2,"name":"Vente de mat\u00e9riels"}]}]}},"_links":{"self":[{"href":"https:\/\/horizonsportnature.com\/index.php\/wp-json\/wp\/v2\/pages\/75","targetHints":{"allow":["GET"]}}],"collection":[{"href":"https:\/\/horizonsportnature.com\/index.php\/wp-json\/wp\/v2\/pages"}],"about":[{"href":"https:\/\/horizonsportnature.com\/index.php\/wp-json\/wp\/v2\/types\/page"}],"author":[{"embeddable":true,"href":"https:\/\/horizonsportnature.com\/index.php\/wp-json\/wp\/v2\/users\/1"}],"replies":[{"embeddable":true,"href":"https:\/\/horizonsportnature.com\/index.php\/wp-json\/wp\/v2\/comments?post=75"}],"version-history":[{"count":11,"href":"https:\/\/horizonsportnature.com\/index.php\/wp-json\/wp\/v2\/pages\/75\/revisions"}],"predecessor-version":[{"id":704,"href":"https:\/\/horizonsportnature.com\/index.php\/wp-json\/wp\/v2\/pages\/75\/revisions\/704"}],"wp:attachment":[{"href":"https:\/\/horizonsportnature.com\/index.php\/wp-json\/wp\/v2\/media?parent=75"}],"curies":[{"name":"wp","href":"https:\/\/api.w.org\/{rel}","templated":true}]}}