{"id":48,"date":"2019-11-15T16:02:09","date_gmt":"2019-11-15T15:02:09","guid":{"rendered":"http:\/\/horizonsportnature.com\/?page_id=48"},"modified":"2019-12-06T14:24:15","modified_gmt":"2019-12-06T13:24:15","slug":"controle-maintenance-sae","status":"publish","type":"page","link":"https:\/\/horizonsportnature.com\/index.php\/controle-maintenance-sae\/","title":{"rendered":"Contr\u00f4le Maintenance SAE"},"content":{"rendered":"<p>[et_pb_section fb_built=\u00a0\u00bb1&Prime; _builder_version=\u00a0\u00bb4.0.6&Prime;][et_pb_row _builder_version=\u00a0\u00bb4.0.7&Prime; border_color_bottom=\u00a0\u00bb#007087&Prime;][et_pb_column type=\u00a0\u00bb4_4&Prime; _builder_version=\u00a0\u00bb4.0.7&Prime;][et_pb_text _builder_version=\u00a0\u00bb4.0.7&Prime; text_font=\u00a0\u00bbVerdana||||||||\u00a0\u00bb border_color_all=\u00a0\u00bb#0b33c1&Prime; border_width_bottom=\u00a0\u00bb1px\u00a0\u00bb border_color_bottom=\u00a0\u00bb#007084&Prime;]<\/p>\n<h1 style=\"text-align: left;\">CONTROLE ET MAINTENANCE DES MURS D&rsquo;ESCALADE<\/h1>\n<p>[\/et_pb_text][et_pb_text _builder_version=\u00a0\u00bb4.0.7&Prime; text_font_size=\u00a0\u00bb16px\u00a0\u00bb hover_enabled=\u00a0\u00bb0&Prime;]<\/p>\n<p>Le propri\u00e9taire ou gestionnaire de mur d&rsquo;escalade a pour obligation de v\u00e9rifier et d&rsquo;entretenir sa structure artificielle d&rsquo;escalade selon la norme NF EN 12572. Il existe trois niveaux de v\u00e9rifications<\/p>\n<ul>\n<li><strong>Le contr\u00f4le de routine<\/strong>, \u00e0 effectuer \u00e0 chaque s\u00e9ance par les utilisateurs.<\/li>\n<li><strong>Le contr\u00f4le op\u00e9rationnel<\/strong>, formalis\u00e9 et consign\u00e9 dans le registre, \u00e0 r\u00e9aliser tous les six mois (sauf prescription diff\u00e9rente du constructeur).<\/li>\n<li><strong>Le contr\u00f4le principal<\/strong>, c&rsquo;est un examen annuel qui \u00e9value le niveau de s\u00e9curit\u00e9 global de la SAE, de ses fondations, de son cadre structurel et des surfaces du mur.<\/li>\n<\/ul>\n<p>&nbsp;<\/p>\n<p>[\/et_pb_text][\/et_pb_column][\/et_pb_row][et_pb_row column_structure=\u00a0\u00bb3_5,2_5&Prime; _builder_version=\u00a0\u00bb4.0.7&Prime; custom_margin=\u00a0\u00bb||||false|false\u00a0\u00bb border_radii=\u00a0\u00bbon|0px|0px|0px|0px\u00a0\u00bb border_color_all=\u00a0\u00bb#ffffff\u00a0\u00bb border_width_top=\u00a0\u00bb1px\u00a0\u00bb][et_pb_column type=\u00a0\u00bb3_5&Prime; _builder_version=\u00a0\u00bb4.0.6&Prime;][et_pb_text _builder_version=\u00a0\u00bb4.0.7&Prime; text_text_color=\u00a0\u00bb#6b6b6b\u00a0\u00bb text_font_size=\u00a0\u00bb16px\u00a0\u00bb background_color=\u00a0\u00bb#ffffff\u00a0\u00bb]<\/p>\n<h3>Contr\u00f4le et maintenance<\/h3>\n<p>Horizon Sport Nature met \u00e0 votre disposition son expertise pour le contr\u00f4le et la maintenance de votre mur d&rsquo;escalade.<\/p>\n<ul>\n<li style=\"text-align: left;\">Assurer la conformit\u00e9 de vos installations au regard des normes.<\/li>\n<li style=\"text-align: left;\">V\u00e9rifier l&rsquo;usure des diff\u00e9rents composants de votre mur.<\/li>\n<li style=\"text-align: left;\">Proposer des actions correctives ou pr\u00e9ventives.<\/li>\n<li style=\"text-align: left;\">Apporter le meilleur conseil pour une relation de confiance durable.<\/li>\n<\/ul>\n<p style=\"text-align: center;\"><strong>Notre personnel est form\u00e9 au travail en hauteur selon les r\u00e8gles du code du travail.<\/strong><\/p>\n<p>[\/et_pb_text][et_pb_text _builder_version=\u00a0\u00bb4.0.7&Prime; text_text_color=\u00a0\u00bb#e09900&Prime; text_font_size=\u00a0\u00bb16px\u00a0\u00bb text_orientation=\u00a0\u00bbcenter\u00a0\u00bb]<\/p>\n<p style=\"text-align: center;\"><strong><em>Pour tout renseignement ou demande de devis :<\/em><\/strong><\/p>\n<p>[\/et_pb_text][et_pb_button button_url=\u00a0\u00bb@ET-DC@eyJkeW5hbWljIjp0cnVlLCJjb250ZW50IjoicG9zdF9saW5rX3VybF9wYWdlIiwic2V0dGluZ3MiOnsicG9zdF9pZCI6IjI2MCJ9fQ==@\u00a0\u00bb button_text=\u00a0\u00bbContactez nous\u00a0\u00bb button_alignment=\u00a0\u00bbcenter\u00a0\u00bb _builder_version=\u00a0\u00bb4.0.7&Prime; _dynamic_attributes=\u00a0\u00bbbutton_url\u00a0\u00bb custom_button=\u00a0\u00bbon\u00a0\u00bb button_text_color=\u00a0\u00bb#0c71c3&Prime; button_bg_color=\u00a0\u00bb#7ebe5c\u00a0\u00bb button_border_width=\u00a0\u00bb0px\u00a0\u00bb button_border_radius=\u00a0\u00bb10px\u00a0\u00bb][\/et_pb_button][\/et_pb_column][et_pb_column type=\u00a0\u00bb2_5&Prime; _builder_version=\u00a0\u00bb4.0.6&Prime;][et_pb_image src=\u00a0\u00bbhttp:\/\/horizonsportnature.com\/wp-content\/uploads\/2019\/11\/fond-mur-vertical-scaled-e1575036140560.png\u00a0\u00bb _builder_version=\u00a0\u00bb4.0.7&Prime; border_radii=\u00a0\u00bboff|15px|15px||15px\u00a0\u00bb][\/et_pb_image][\/et_pb_column][\/et_pb_row][et_pb_row column_structure=\u00a0\u00bb2_5,3_5&Prime; _builder_version=\u00a0\u00bb4.0.7&Prime; custom_margin=\u00a0\u00bb20px||||false|false\u00a0\u00bb border_width_top=\u00a0\u00bb1px\u00a0\u00bb border_color_top=\u00a0\u00bb#007087&Prime;][et_pb_column type=\u00a0\u00bb2_5&Prime; _builder_version=\u00a0\u00bb4.0.6&Prime;][et_pb_image src=\u00a0\u00bbhttp:\/\/horizonsportnature.com\/wp-content\/uploads\/2019\/11\/cl\u00e9-btr-e1574964055416.png\u00a0\u00bb _builder_version=\u00a0\u00bb4.0.7&Prime; custom_margin=\u00a0\u00bb||||false|false\u00a0\u00bb border_radii=\u00a0\u00bboff|15px|15px||15px\u00a0\u00bb][\/et_pb_image][\/et_pb_column][et_pb_column type=\u00a0\u00bb3_5&Prime; _builder_version=\u00a0\u00bb4.0.6&Prime;][et_pb_text _builder_version=\u00a0\u00bb4.0.7&Prime; text_text_color=\u00a0\u00bb#6d6d6d\u00a0\u00bb text_font_size=\u00a0\u00bb16px\u00a0\u00bb]<\/p>\n<h3>Ouverture de voies d&rsquo;escalade<\/h3>\n<p>Afin de conserver l&rsquo;attractivit\u00e9 de votre structure, il est indispensable de renouveller r\u00e9guli\u00e8rement les itin\u00e9raires.<\/p>\n<p>L&rsquo;ouverture des voies est \u00e9galement l&rsquo;occasion d&rsquo;effectuer le nettoyage des prises. Votre mur conservera son \u00e9clat et un bon niveau d&rsquo;hygi\u00e8ne.<\/p>\n<p>Nous cr\u00e9ons des voies d&rsquo;escalade pour tous les niveaux, prenant en compte toutes les sp\u00e9cificit\u00e9s locales (scolaires, jeunes enfants, handicap, grimpeurs experts&#8230;).<\/p>\n<p>Notre \u00e9quipe est constitu\u00e9e de techniciens moniteurs d&rsquo;escalade attach\u00e9s \u00e0 partager leur passion de l&rsquo;escalade.<\/p>\n<p>[\/et_pb_text][et_pb_text _builder_version=\u00a0\u00bb4.0.7&Prime; text_text_color=\u00a0\u00bb#e09900&Prime; text_font_size=\u00a0\u00bb16px\u00a0\u00bb text_orientation=\u00a0\u00bbcenter\u00a0\u00bb]<\/p>\n<p style=\"text-align: center;\"><strong><em>Pour tout renseignement ou demande de devis<\/em><\/strong><\/p>\n<p>[\/et_pb_text][et_pb_button button_text=\u00a0\u00bbContactez-nous\u00a0\u00bb button_alignment=\u00a0\u00bbcenter\u00a0\u00bb _builder_version=\u00a0\u00bb4.0.7&Prime; custom_button=\u00a0\u00bbon\u00a0\u00bb button_text_color=\u00a0\u00bb#0c71c3&Prime; button_bg_color=\u00a0\u00bb#7ebe5c\u00a0\u00bb button_border_width=\u00a0\u00bb0px\u00a0\u00bb button_border_radius=\u00a0\u00bb10px\u00a0\u00bb][\/et_pb_button][\/et_pb_column][\/et_pb_row][\/et_pb_section]<\/p>\n","protected":false},"excerpt":{"rendered":"<p>CONTROLE ET MAINTENANCE DES MURS D&rsquo;ESCALADELe propri\u00e9taire ou gestionnaire de mur d&rsquo;escalade a pour obligation de v\u00e9rifier et d&rsquo;entretenir sa structure artificielle d&rsquo;escalade selon la norme NF EN 12572. Il existe trois niveaux de v\u00e9rifications Le contr\u00f4le de routine, \u00e0 effectuer \u00e0 chaque s\u00e9ance par les utilisateurs. Le contr\u00f4le op\u00e9rationnel, formalis\u00e9 et consign\u00e9 dans le [&hellip;]<\/p>\n","protected":false},"author":1,"featured_media":0,"parent":0,"menu_order":0,"comment_status":"closed","ping_status":"closed","template":"","meta":{"_et_pb_use_builder":"on","_et_pb_old_content":"","_et_gb_content_width":"","footnotes":""},"class_list":["post-48","page","type-page","status-publish","hentry"],"yoast_head":"<!-- This site is optimized with the Yoast SEO plugin v17.2 - https:\/\/yoast.com\/wordpress\/plugins\/seo\/ -->\n<title>Contr\u00f4le Maintenance SAE - HORIZON SPORT NATURE<\/title>\n<meta name=\"description\" content=\"Contr\u00f4le et maintenance des structures artificielles d&#039;escalade SAE - Contr\u00f4le des EPI - Vente de mat\u00e9riel d&#039;escalade - Formation.\" \/>\n<meta name=\"robots\" content=\"index, follow, max-snippet:-1, max-image-preview:large, max-video-preview:-1\" \/>\n<link rel=\"canonical\" href=\"https:\/\/horizonsportnature.com\/index.php\/controle-maintenance-sae\/\" \/>\n<meta property=\"og:locale\" content=\"fr_FR\" \/>\n<meta property=\"og:type\" content=\"article\" \/>\n<meta property=\"og:title\" content=\"Contr\u00f4le Maintenance SAE - HORIZON SPORT NATURE\" \/>\n<meta property=\"og:description\" content=\"Contr\u00f4le et maintenance des structures artificielles d&#039;escalade SAE - Contr\u00f4le des EPI - Vente de mat\u00e9riel d&#039;escalade - Formation.\" \/>\n<meta property=\"og:url\" content=\"https:\/\/horizonsportnature.com\/index.php\/controle-maintenance-sae\/\" \/>\n<meta property=\"og:site_name\" content=\"HORIZON SPORT NATURE\" \/>\n<meta property=\"article:modified_time\" content=\"2019-12-06T13:24:15+00:00\" \/>\n<meta name=\"twitter:card\" content=\"summary_large_image\" \/>\n<meta name=\"twitter:label1\" content=\"Dur\u00e9e de lecture est.\" \/>\n\t<meta name=\"twitter:data1\" content=\"3 minutes\" \/>\n<script type=\"application\/ld+json\" class=\"yoast-schema-graph\">{\"@context\":\"https:\/\/schema.org\",\"@graph\":[{\"@type\":\"WebSite\",\"@id\":\"https:\/\/horizonsportnature.com\/#website\",\"url\":\"https:\/\/horizonsportnature.com\/\",\"name\":\"HORIZON SPORT NATURE\",\"description\":\"\",\"potentialAction\":[{\"@type\":\"SearchAction\",\"target\":{\"@type\":\"EntryPoint\",\"urlTemplate\":\"https:\/\/horizonsportnature.com\/?s={search_term_string}\"},\"query-input\":\"required name=search_term_string\"}],\"inLanguage\":\"fr-FR\"},{\"@type\":\"WebPage\",\"@id\":\"https:\/\/horizonsportnature.com\/index.php\/controle-maintenance-sae\/#webpage\",\"url\":\"https:\/\/horizonsportnature.com\/index.php\/controle-maintenance-sae\/\",\"name\":\"Contr\\u00f4le Maintenance SAE - HORIZON SPORT NATURE\",\"isPartOf\":{\"@id\":\"https:\/\/horizonsportnature.com\/#website\"},\"datePublished\":\"2019-11-15T15:02:09+00:00\",\"dateModified\":\"2019-12-06T13:24:15+00:00\",\"description\":\"Contr\\u00f4le et maintenance des structures artificielles d'escalade SAE - Contr\\u00f4le des EPI - Vente de mat\\u00e9riel d'escalade - Formation.\",\"breadcrumb\":{\"@id\":\"https:\/\/horizonsportnature.com\/index.php\/controle-maintenance-sae\/#breadcrumb\"},\"inLanguage\":\"fr-FR\",\"potentialAction\":[{\"@type\":\"ReadAction\",\"target\":[\"https:\/\/horizonsportnature.com\/index.php\/controle-maintenance-sae\/\"]}]},{\"@type\":\"BreadcrumbList\",\"@id\":\"https:\/\/horizonsportnature.com\/index.php\/controle-maintenance-sae\/#breadcrumb\",\"itemListElement\":[{\"@type\":\"ListItem\",\"position\":1,\"name\":\"Accueil\",\"item\":\"https:\/\/horizonsportnature.com\/\"},{\"@type\":\"ListItem\",\"position\":2,\"name\":\"Contr\\u00f4le Maintenance SAE\"}]}]}<\/script>\n<!-- \/ Yoast SEO plugin. -->","yoast_head_json":{"title":"Contr\u00f4le Maintenance SAE - HORIZON SPORT NATURE","description":"Contr\u00f4le et maintenance des structures artificielles d'escalade SAE - Contr\u00f4le des EPI - Vente de mat\u00e9riel d'escalade - Formation.","robots":{"index":"index","follow":"follow","max-snippet":"max-snippet:-1","max-image-preview":"max-image-preview:large","max-video-preview":"max-video-preview:-1"},"canonical":"https:\/\/horizonsportnature.com\/index.php\/controle-maintenance-sae\/","og_locale":"fr_FR","og_type":"article","og_title":"Contr\u00f4le Maintenance SAE - HORIZON SPORT NATURE","og_description":"Contr\u00f4le et maintenance des structures artificielles d'escalade SAE - Contr\u00f4le des EPI - Vente de mat\u00e9riel d'escalade - Formation.","og_url":"https:\/\/horizonsportnature.com\/index.php\/controle-maintenance-sae\/","og_site_name":"HORIZON SPORT NATURE","article_modified_time":"2019-12-06T13:24:15+00:00","twitter_card":"summary_large_image","twitter_misc":{"Dur\u00e9e de lecture est.":"3 minutes"},"schema":{"@context":"https:\/\/schema.org","@graph":[{"@type":"WebSite","@id":"https:\/\/horizonsportnature.com\/#website","url":"https:\/\/horizonsportnature.com\/","name":"HORIZON SPORT NATURE","description":"","potentialAction":[{"@type":"SearchAction","target":{"@type":"EntryPoint","urlTemplate":"https:\/\/horizonsportnature.com\/?s={search_term_string}"},"query-input":"required name=search_term_string"}],"inLanguage":"fr-FR"},{"@type":"WebPage","@id":"https:\/\/horizonsportnature.com\/index.php\/controle-maintenance-sae\/#webpage","url":"https:\/\/horizonsportnature.com\/index.php\/controle-maintenance-sae\/","name":"Contr\u00f4le Maintenance SAE - HORIZON SPORT NATURE","isPartOf":{"@id":"https:\/\/horizonsportnature.com\/#website"},"datePublished":"2019-11-15T15:02:09+00:00","dateModified":"2019-12-06T13:24:15+00:00","description":"Contr\u00f4le et maintenance des structures artificielles d'escalade SAE - Contr\u00f4le des EPI - Vente de mat\u00e9riel d'escalade - Formation.","breadcrumb":{"@id":"https:\/\/horizonsportnature.com\/index.php\/controle-maintenance-sae\/#breadcrumb"},"inLanguage":"fr-FR","potentialAction":[{"@type":"ReadAction","target":["https:\/\/horizonsportnature.com\/index.php\/controle-maintenance-sae\/"]}]},{"@type":"BreadcrumbList","@id":"https:\/\/horizonsportnature.com\/index.php\/controle-maintenance-sae\/#breadcrumb","itemListElement":[{"@type":"ListItem","position":1,"name":"Accueil","item":"https:\/\/horizonsportnature.com\/"},{"@type":"ListItem","position":2,"name":"Contr\u00f4le Maintenance SAE"}]}]}},"_links":{"self":[{"href":"https:\/\/horizonsportnature.com\/index.php\/wp-json\/wp\/v2\/pages\/48","targetHints":{"allow":["GET"]}}],"collection":[{"href":"https:\/\/horizonsportnature.com\/index.php\/wp-json\/wp\/v2\/pages"}],"about":[{"href":"https:\/\/horizonsportnature.com\/index.php\/wp-json\/wp\/v2\/types\/page"}],"author":[{"embeddable":true,"href":"https:\/\/horizonsportnature.com\/index.php\/wp-json\/wp\/v2\/users\/1"}],"replies":[{"embeddable":true,"href":"https:\/\/horizonsportnature.com\/index.php\/wp-json\/wp\/v2\/comments?post=48"}],"version-history":[{"count":36,"href":"https:\/\/horizonsportnature.com\/index.php\/wp-json\/wp\/v2\/pages\/48\/revisions"}],"predecessor-version":[{"id":667,"href":"https:\/\/horizonsportnature.com\/index.php\/wp-json\/wp\/v2\/pages\/48\/revisions\/667"}],"wp:attachment":[{"href":"https:\/\/horizonsportnature.com\/index.php\/wp-json\/wp\/v2\/media?parent=48"}],"curies":[{"name":"wp","href":"https:\/\/api.w.org\/{rel}","templated":true}]}}