{"id":165,"date":"2019-11-20T14:57:05","date_gmt":"2019-11-20T13:57:05","guid":{"rendered":"http:\/\/horizonsportnature.com\/?page_id=165"},"modified":"2019-12-06T21:40:19","modified_gmt":"2019-12-06T20:40:19","slug":"formations","status":"publish","type":"page","link":"https:\/\/horizonsportnature.com\/index.php\/formations\/","title":{"rendered":"Formations"},"content":{"rendered":"<p>[et_pb_section fb_built=\u00a0\u00bb1&Prime; _builder_version=\u00a0\u00bb4.0.7&Prime;][et_pb_row _builder_version=\u00a0\u00bb4.0.7&Prime;][et_pb_column type=\u00a0\u00bb4_4&Prime; _builder_version=\u00a0\u00bb4.0.7&Prime;][et_pb_text _builder_version=\u00a0\u00bb4.0.7&Prime; border_width_bottom=\u00a0\u00bb1px\u00a0\u00bb]<\/p>\n<h1>LES FORMATIONS<\/h1>\n<p>[\/et_pb_text][et_pb_text _builder_version=\u00a0\u00bb4.0.7&Prime; text_font_size=\u00a0\u00bb16px\u00a0\u00bb hover_enabled=\u00a0\u00bb0&Prime;]<\/p>\n<p>La formation est le coeur d&rsquo;une bonne gestion de la s\u00e9curit\u00e9. Elle permet l&rsquo;actualisation des connaissances et une mise en lien avec d&rsquo;autres acteurs du milieu. Gagnez en autonomie et r\u00e9duisez vos co\u00fbts !<\/p>\n<p>Nous vous proposons plusieurs th\u00e8mes de formations :<\/p>\n<p>[\/et_pb_text][\/et_pb_column][\/et_pb_row][et_pb_row column_structure=\u00a0\u00bb1_2,1_2&Prime; _builder_version=\u00a0\u00bb4.0.7&Prime;][et_pb_column type=\u00a0\u00bb1_2&Prime; _builder_version=\u00a0\u00bb4.0.7&Prime;][et_pb_toggle title=\u00a0\u00bbFormation EPI\u00a0\u00bb open_toggle_text_color=\u00a0\u00bb#e09900&Prime; icon_color=\u00a0\u00bb#e09900&Prime; use_icon_font_size=\u00a0\u00bbon\u00a0\u00bb icon_font_size=\u00a0\u00bb30px\u00a0\u00bb _builder_version=\u00a0\u00bb4.0.7&Prime; title_level=\u00a0\u00bbh3&Prime; title_font=\u00a0\u00bb|600|||||||\u00a0\u00bb title_font_size=\u00a0\u00bb20px\u00a0\u00bb body_font_size=\u00a0\u00bb16px\u00a0\u00bb hover_enabled=\u00a0\u00bb0&Prime; border_radii=\u00a0\u00bbon|5px|5px|5px|5px\u00a0\u00bb border_width_all=\u00a0\u00bb2px\u00a0\u00bb box_shadow_style=\u00a0\u00bbpreset4&Prime; box_shadow_horizontal=\u00a0\u00bb5px\u00a0\u00bb box_shadow_vertical=\u00a0\u00bb5px\u00a0\u00bb]<\/p>\n<p><strong>Cette formation \u00e0 la carte recouvre 3 objectifs :<\/strong><\/p>\n<ol>\n<li>Apporter les connaissances r\u00e9glementaires sur les EPI.<\/li>\n<li>D\u00e9velopper les comp\u00e9tences n\u00e9cessaires \u00e0 l&rsquo;utilisation et au contr\u00f4le des mat\u00e9riels.<\/li>\n<li>Permettre la mise en place du suivi de vos EPI.<\/li>\n<\/ol>\n<p>&nbsp;<\/p>\n<p>[\/et_pb_toggle][et_pb_toggle title=\u00a0\u00bbFormation technique et p\u00e9dagogie\u00a0\u00bb open_toggle_text_color=\u00a0\u00bb#e09900&Prime; icon_color=\u00a0\u00bb#e09900&Prime; use_icon_font_size=\u00a0\u00bbon\u00a0\u00bb icon_font_size=\u00a0\u00bb30px\u00a0\u00bb _builder_version=\u00a0\u00bb4.0.7&Prime; title_level=\u00a0\u00bbh3&Prime; title_font=\u00a0\u00bb|600|||||||\u00a0\u00bb title_font_size=\u00a0\u00bb20px\u00a0\u00bb body_font_size=\u00a0\u00bb16px\u00a0\u00bb border_radii=\u00a0\u00bbon|5px|5px|5px|5px\u00a0\u00bb border_width_all=\u00a0\u00bb2px\u00a0\u00bb box_shadow_style=\u00a0\u00bbpreset4&Prime; box_shadow_horizontal=\u00a0\u00bb5px\u00a0\u00bb box_shadow_vertical=\u00a0\u00bb5px\u00a0\u00bb]<\/p>\n<p>Ces formations sont dispens\u00e9es par des moniteurs chevronn\u00e9s dipl\u00f4m\u00e9s d&rsquo;\u00e9tat. Elles permettent de voir ou revoir les bases techniques de l&rsquo;escalade. Mais aussi de faire le point sur les nouveaux mat\u00e9riels d&rsquo;assurage, l&rsquo;accidentologie, les diff\u00e9rentes pratiques p\u00e9dagogiques, r\u00e9aliser le contr\u00f4le de routine sur le mur d&rsquo;escalade&#8230;<\/p>\n<p>Nous sommes \u00e0 l&rsquo;\u00e9coute de vos besoins pour \u00e9laborer un plan de formation sur mesure.<\/p>\n<p>[\/et_pb_toggle][et_pb_text _builder_version=\u00a0\u00bb4.0.7&Prime; text_font_size=\u00a0\u00bb16px\u00a0\u00bb]<\/p>\n<p style=\"text-align: center;\">Les formations sont r\u00e9alis\u00e9es sur vos lieux de pratique, le cas \u00e9ch\u00e9ant nous pourrons \u00e9galement vous proposer un autre lieu de travail.<\/p>\n<p style=\"text-align: center;\"><strong>Afin d&rsquo;am\u00e9liorer vos comp\u00e9tences ou celles de vos \u00e9quipes :<\/strong><\/p>\n<p>[\/et_pb_text][et_pb_button button_text=\u00a0\u00bbContactez-nous\u00a0\u00bb button_alignment=\u00a0\u00bbcenter\u00a0\u00bb _builder_version=\u00a0\u00bb4.0.7&Prime; custom_button=\u00a0\u00bbon\u00a0\u00bb button_text_color=\u00a0\u00bb#ffffff\u00a0\u00bb button_bg_color=\u00a0\u00bb#e09900&Prime; button_border_color=\u00a0\u00bbrgba(0,0,0,0)\u00a0\u00bb][\/et_pb_button][\/et_pb_column][et_pb_column type=\u00a0\u00bb1_2&Prime; _builder_version=\u00a0\u00bb4.0.7&Prime;][et_pb_slider arrows_custom_color=\u00a0\u00bbrgba(0,0,0,0)\u00a0\u00bb dot_nav_custom_color=\u00a0\u00bbrgba(0,0,0,0)\u00a0\u00bb _builder_version=\u00a0\u00bb4.0.7&Prime; background_color=\u00a0\u00bbrgba(0,0,0,0)\u00a0\u00bb custom_margin=\u00a0\u00bb-45px||||false|false\u00a0\u00bb animation_style=\u00a0\u00bbfade\u00a0\u00bb animation_duration=\u00a0\u00bb250ms\u00a0\u00bb auto=\u00a0\u00bbon\u00a0\u00bb auto_speed=\u00a0\u00bb6000&Prime; hover_transition_duration=\u00a0\u00bb50ms\u00a0\u00bb background_last_edited=\u00a0\u00bbon|desktop\u00a0\u00bb][et_pb_slide image=\u00a0\u00bbhttps:\/\/horizonsportnature.com\/wp-content\/uploads\/2019\/11\/chain-4049725_1920-e1575017665567.jpg\u00a0\u00bb _builder_version=\u00a0\u00bb4.0.7&Prime; border_radii_image=\u00a0\u00bbon|6px|6px|6px|6px\u00a0\u00bb][\/et_pb_slide][et_pb_slide image=\u00a0\u00bbhttps:\/\/horizonsportnature.com\/wp-content\/uploads\/2019\/11\/ring-binders-aligned-2654130_1920.jpg\u00a0\u00bb _builder_version=\u00a0\u00bb4.0.7&Prime; border_radii_image=\u00a0\u00bbon|6px|6px|6px|6px\u00a0\u00bb][\/et_pb_slide][et_pb_slide image=\u00a0\u00bbhttps:\/\/horizonsportnature.com\/wp-content\/uploads\/2019\/12\/Brief-via-ferrata-2.jpg\u00a0\u00bb _builder_version=\u00a0\u00bb4.0.7&Prime; border_radii_image=\u00a0\u00bbon|6px|6px|6px|6px\u00a0\u00bb][\/et_pb_slide][\/et_pb_slider][\/et_pb_column][\/et_pb_row][\/et_pb_section]<\/p>\n","protected":false},"excerpt":{"rendered":"<p>LES FORMATIONSLa formation est le coeur d&rsquo;une bonne gestion de la s\u00e9curit\u00e9. Elle permet l&rsquo;actualisation des connaissances et une mise en lien avec d&rsquo;autres acteurs du milieu. Gagnez en autonomie et r\u00e9duisez vos co\u00fbts ! Nous vous proposons plusieurs th\u00e8mes de formations :Cette formation \u00e0 la carte recouvre 3 objectifs : Apporter les connaissances r\u00e9glementaires [&hellip;]<\/p>\n","protected":false},"author":1,"featured_media":0,"parent":0,"menu_order":0,"comment_status":"closed","ping_status":"closed","template":"","meta":{"_et_pb_use_builder":"on","_et_pb_old_content":"","_et_gb_content_width":"","footnotes":""},"class_list":["post-165","page","type-page","status-publish","hentry"],"yoast_head":"<!-- This site is optimized with the Yoast SEO plugin v17.2 - https:\/\/yoast.com\/wordpress\/plugins\/seo\/ -->\n<title>Formations EPI et maintenance SAE - HORIZON SPORT NATURE<\/title>\n<meta name=\"description\" content=\"Formations Escalade sur mesure - Contr\u00f4le des EPI - Maintenance SAE - Techniques, nouveaux mat\u00e9riels d&#039;assurage et p\u00e9dagogie.\" \/>\n<meta name=\"robots\" content=\"index, follow, max-snippet:-1, max-image-preview:large, max-video-preview:-1\" \/>\n<link rel=\"canonical\" href=\"https:\/\/horizonsportnature.com\/index.php\/formations\/\" \/>\n<meta property=\"og:locale\" content=\"fr_FR\" \/>\n<meta property=\"og:type\" content=\"article\" \/>\n<meta property=\"og:title\" content=\"Formations EPI et maintenance SAE - HORIZON SPORT NATURE\" \/>\n<meta property=\"og:description\" content=\"Formations Escalade sur mesure - Contr\u00f4le des EPI - Maintenance SAE - Techniques, nouveaux mat\u00e9riels d&#039;assurage et p\u00e9dagogie.\" \/>\n<meta property=\"og:url\" content=\"https:\/\/horizonsportnature.com\/index.php\/formations\/\" \/>\n<meta property=\"og:site_name\" content=\"HORIZON SPORT NATURE\" \/>\n<meta property=\"article:modified_time\" content=\"2019-12-06T20:40:19+00:00\" \/>\n<meta name=\"twitter:card\" content=\"summary_large_image\" \/>\n<meta name=\"twitter:label1\" content=\"Dur\u00e9e de lecture est.\" \/>\n\t<meta name=\"twitter:data1\" content=\"3 minutes\" \/>\n<script type=\"application\/ld+json\" class=\"yoast-schema-graph\">{\"@context\":\"https:\/\/schema.org\",\"@graph\":[{\"@type\":\"WebSite\",\"@id\":\"https:\/\/horizonsportnature.com\/#website\",\"url\":\"https:\/\/horizonsportnature.com\/\",\"name\":\"HORIZON SPORT NATURE\",\"description\":\"\",\"potentialAction\":[{\"@type\":\"SearchAction\",\"target\":{\"@type\":\"EntryPoint\",\"urlTemplate\":\"https:\/\/horizonsportnature.com\/?s={search_term_string}\"},\"query-input\":\"required name=search_term_string\"}],\"inLanguage\":\"fr-FR\"},{\"@type\":\"WebPage\",\"@id\":\"https:\/\/horizonsportnature.com\/index.php\/formations\/#webpage\",\"url\":\"https:\/\/horizonsportnature.com\/index.php\/formations\/\",\"name\":\"Formations EPI et maintenance SAE - HORIZON SPORT NATURE\",\"isPartOf\":{\"@id\":\"https:\/\/horizonsportnature.com\/#website\"},\"datePublished\":\"2019-11-20T13:57:05+00:00\",\"dateModified\":\"2019-12-06T20:40:19+00:00\",\"description\":\"Formations Escalade sur mesure - Contr\\u00f4le des EPI - Maintenance SAE - Techniques, nouveaux mat\\u00e9riels d'assurage et p\\u00e9dagogie.\",\"breadcrumb\":{\"@id\":\"https:\/\/horizonsportnature.com\/index.php\/formations\/#breadcrumb\"},\"inLanguage\":\"fr-FR\",\"potentialAction\":[{\"@type\":\"ReadAction\",\"target\":[\"https:\/\/horizonsportnature.com\/index.php\/formations\/\"]}]},{\"@type\":\"BreadcrumbList\",\"@id\":\"https:\/\/horizonsportnature.com\/index.php\/formations\/#breadcrumb\",\"itemListElement\":[{\"@type\":\"ListItem\",\"position\":1,\"name\":\"Accueil\",\"item\":\"https:\/\/horizonsportnature.com\/\"},{\"@type\":\"ListItem\",\"position\":2,\"name\":\"Formations\"}]}]}<\/script>\n<!-- \/ Yoast SEO plugin. -->","yoast_head_json":{"title":"Formations EPI et maintenance SAE - HORIZON SPORT NATURE","description":"Formations Escalade sur mesure - Contr\u00f4le des EPI - Maintenance SAE - Techniques, nouveaux mat\u00e9riels d'assurage et p\u00e9dagogie.","robots":{"index":"index","follow":"follow","max-snippet":"max-snippet:-1","max-image-preview":"max-image-preview:large","max-video-preview":"max-video-preview:-1"},"canonical":"https:\/\/horizonsportnature.com\/index.php\/formations\/","og_locale":"fr_FR","og_type":"article","og_title":"Formations EPI et maintenance SAE - HORIZON SPORT NATURE","og_description":"Formations Escalade sur mesure - Contr\u00f4le des EPI - Maintenance SAE - Techniques, nouveaux mat\u00e9riels d'assurage et p\u00e9dagogie.","og_url":"https:\/\/horizonsportnature.com\/index.php\/formations\/","og_site_name":"HORIZON SPORT NATURE","article_modified_time":"2019-12-06T20:40:19+00:00","twitter_card":"summary_large_image","twitter_misc":{"Dur\u00e9e de lecture est.":"3 minutes"},"schema":{"@context":"https:\/\/schema.org","@graph":[{"@type":"WebSite","@id":"https:\/\/horizonsportnature.com\/#website","url":"https:\/\/horizonsportnature.com\/","name":"HORIZON SPORT NATURE","description":"","potentialAction":[{"@type":"SearchAction","target":{"@type":"EntryPoint","urlTemplate":"https:\/\/horizonsportnature.com\/?s={search_term_string}"},"query-input":"required name=search_term_string"}],"inLanguage":"fr-FR"},{"@type":"WebPage","@id":"https:\/\/horizonsportnature.com\/index.php\/formations\/#webpage","url":"https:\/\/horizonsportnature.com\/index.php\/formations\/","name":"Formations EPI et maintenance SAE - HORIZON SPORT NATURE","isPartOf":{"@id":"https:\/\/horizonsportnature.com\/#website"},"datePublished":"2019-11-20T13:57:05+00:00","dateModified":"2019-12-06T20:40:19+00:00","description":"Formations Escalade sur mesure - Contr\u00f4le des EPI - Maintenance SAE - Techniques, nouveaux mat\u00e9riels d'assurage et p\u00e9dagogie.","breadcrumb":{"@id":"https:\/\/horizonsportnature.com\/index.php\/formations\/#breadcrumb"},"inLanguage":"fr-FR","potentialAction":[{"@type":"ReadAction","target":["https:\/\/horizonsportnature.com\/index.php\/formations\/"]}]},{"@type":"BreadcrumbList","@id":"https:\/\/horizonsportnature.com\/index.php\/formations\/#breadcrumb","itemListElement":[{"@type":"ListItem","position":1,"name":"Accueil","item":"https:\/\/horizonsportnature.com\/"},{"@type":"ListItem","position":2,"name":"Formations"}]}]}},"_links":{"self":[{"href":"https:\/\/horizonsportnature.com\/index.php\/wp-json\/wp\/v2\/pages\/165","targetHints":{"allow":["GET"]}}],"collection":[{"href":"https:\/\/horizonsportnature.com\/index.php\/wp-json\/wp\/v2\/pages"}],"about":[{"href":"https:\/\/horizonsportnature.com\/index.php\/wp-json\/wp\/v2\/types\/page"}],"author":[{"embeddable":true,"href":"https:\/\/horizonsportnature.com\/index.php\/wp-json\/wp\/v2\/users\/1"}],"replies":[{"embeddable":true,"href":"https:\/\/horizonsportnature.com\/index.php\/wp-json\/wp\/v2\/comments?post=165"}],"version-history":[{"count":17,"href":"https:\/\/horizonsportnature.com\/index.php\/wp-json\/wp\/v2\/pages\/165\/revisions"}],"predecessor-version":[{"id":705,"href":"https:\/\/horizonsportnature.com\/index.php\/wp-json\/wp\/v2\/pages\/165\/revisions\/705"}],"wp:attachment":[{"href":"https:\/\/horizonsportnature.com\/index.php\/wp-json\/wp\/v2\/media?parent=165"}],"curies":[{"name":"wp","href":"https:\/\/api.w.org\/{rel}","templated":true}]}}